{"id":1007,"date":"2015-12-17T15:07:33","date_gmt":"2015-12-17T14:07:33","guid":{"rendered":"http:\/\/tableauxdisparus.fr\/?page_id=1007"},"modified":"2016-12-12T13:40:00","modified_gmt":"2016-12-12T12:40:00","slug":"gellee-claude-tempete","status":"publish","type":"page","link":"https:\/\/tableauxdisparus.fr\/?page_id=1007","title":{"rendered":"Gell\u00e9e, Claude, dit Le Lorrain (1600-1682)"},"content":{"rendered":"<h2><em>Sc\u00e8ne de naufrage,<\/em> vers 1630<br \/>\nHuile sur bois, 55 x 38 cm<\/h2>\n<p><a href=\"https:\/\/i0.wp.com\/tableauxdisparus.fr\/wp-content\/uploads\/2015\/12\/P1040924.jpg?ssl=1\" rel=\"attachment wp-att-1004\"><img data-recalc-dims=\"1\" loading=\"lazy\" decoding=\"async\" class=\"alignnone wp-image-1004\" src=\"https:\/\/i0.wp.com\/tableauxdisparus.fr\/wp-content\/uploads\/2015\/12\/P1040924.jpg?resize=300%2C225&#038;ssl=1\" alt=\"P1040924\" width=\"300\" height=\"225\" srcset=\"https:\/\/i0.wp.com\/tableauxdisparus.fr\/wp-content\/uploads\/2015\/12\/P1040924.jpg?resize=300%2C225&amp;ssl=1 300w, https:\/\/i0.wp.com\/tableauxdisparus.fr\/wp-content\/uploads\/2015\/12\/P1040924.jpg?w=320&amp;ssl=1 320w\" sizes=\"auto, (max-width: 300px) 100vw, 300px\" \/><\/a><\/p>\n<figure id=\"attachment_1000\" aria-describedby=\"caption-attachment-1000\" style=\"width: 300px\" class=\"wp-caption alignnone\"><a href=\"https:\/\/i0.wp.com\/tableauxdisparus.fr\/wp-content\/uploads\/2015\/12\/Lorrain_Gell%C3%A9e_Temp%C3%A8te_eau_forte.jpg?ssl=1\" rel=\"attachment wp-att-1000\"><img data-recalc-dims=\"1\" loading=\"lazy\" decoding=\"async\" class=\"wp-image-1000 size-medium\" src=\"https:\/\/i0.wp.com\/tableauxdisparus.fr\/wp-content\/uploads\/2015\/12\/Lorrain_Gell%C3%A9e_Temp%C3%A8te_eau_forte.jpg?resize=300%2C216&#038;ssl=1\" alt=\"Lorrain_Gell\u00e9e_Temp\u00e8te_eau_forte\" width=\"300\" height=\"216\" srcset=\"https:\/\/i0.wp.com\/tableauxdisparus.fr\/wp-content\/uploads\/2015\/12\/Lorrain_Gell%C3%A9e_Temp%C3%A8te_eau_forte.jpg?resize=300%2C216&amp;ssl=1 300w, https:\/\/i0.wp.com\/tableauxdisparus.fr\/wp-content\/uploads\/2015\/12\/Lorrain_Gell%C3%A9e_Temp%C3%A8te_eau_forte.jpg?w=320&amp;ssl=1 320w\" sizes=\"auto, (max-width: 300px) 100vw, 300px\" \/><\/a><figcaption id=\"caption-attachment-1000\" class=\"wp-caption-text\">L&rsquo;eau-forte de Claude Gell\u00e9e.<\/figcaption><\/figure>\n<p style=\"text-align: justify;\">Claude Gell\u00e9e a \u00e9t\u00e9 form\u00e9 \u00e0 Rome chez Agostino Tassi, peintre mani\u00e9riste qui appr\u00e9ciait les repr\u00e9sentations de temp\u00eates par des flamands comme Paul Bril, Adam Elsheimer et Bonaventura Peeters. Le motif du bateau en train de sombrer et du gros rocher surmont\u00e9 d\u2019une tour en ruines \u00e9tait alors couramment exploit\u00e9. Il symbolisait la travers\u00e9e de la vie, ou encore le besoin pour une femme de trouver par le mariage un port d\u2019attache. Claude Gell\u00e9e s\u2019inscrit d\u2019abord dans cette tradition, loin des vues portuaires tr\u00e8s classiques qui l\u2019ont rendu c\u00e9l\u00e8bre. Dans une eau-forte qui nous a servi \u00e0 r\u00e9aliser cette peinture, les historiens d\u2019art pensent qu\u2019il avait reproduit un tableau maintenant disparu ex\u00e9cut\u00e9 pour Giordano Orsini dont la devise \u00e9tait <em>contra ventos et undas<\/em>, \u00ab contre vents et mar\u00e9es \u00bb.<\/p>\n<p style=\"text-align: justify;\">\u00a0\u00a0\u00a0\u00a0\u00a0 Cette \u0153uvre fait partie des tableaux qui ont \u00e9t\u00e9 perdus \u00e0 jamais. Claude Gell\u00e9e produit une gravure \u00e0 partir d\u2019une oeuvre qu\u2019il projette ou d\u2019apr\u00e8s une peinture qui a exist\u00e9. Nous avons donc affaire \u00e0 une pr\u00e9sence spectrale. Ce tableau a-t-il au moins un jour exist\u00e9 ? R\u00eave d\u2019image. Nous devons rendre \u00e0 la gravure son mod\u00e8le. Cette peinture est une restitution, celle d\u2019un tableau \u00e9nigmatique. Mais c\u2019est l\u2019oubli qui l\u2019a d\u00e9finitivement d\u00e9truite.<\/p>\n<p style=\"text-align: justify;\">\u00a0\u00a0\u00a0\u00a0\u00a0 C\u2019est l\u00e0 une \u0153uvre de jeunesse de l\u2019artiste encore marqu\u00e9 par l\u2019aspect fantastique des peintures flamandes de paysage. Nous avons cherch\u00e9 \u00e0 respecter les divisions artificielles de la couleur : le bleu pour l\u2019horizon, le gris-vert pour la r\u00e9gion interm\u00e9diaire, le brun pour le premier plan. Les silhouettes sombres s\u2019opposent aux tons plus clairs des flots tumultueux pour entra\u00eener le regard vers des lointains vaporeux par des jeux de contre-jour typiques des \u0153uvres d\u2019Elsheimer.<\/p>\n<p style=\"text-align: right;\">(c) Daniel Lagoutte<\/p>\n","protected":false},"excerpt":{"rendered":"<p>Sc\u00e8ne de naufrage, vers 1630 Huile sur bois, 55 x 38 cm Claude Gell\u00e9e a \u00e9t\u00e9 form\u00e9 \u00e0 Rome chez Agostino Tassi, peintre mani\u00e9riste qui appr\u00e9ciait les repr\u00e9sentations de temp\u00eates par des flamands comme Paul Bril, Adam Elsheimer et Bonaventura Peeters. Le motif du bateau en train de sombrer et du gros rocher surmont\u00e9 d\u2019une &hellip; <a href=\"https:\/\/tableauxdisparus.fr\/?page_id=1007\" class=\"more-link\">Continuer la lecture de <span class=\"screen-reader-text\">Gell\u00e9e, Claude, dit Le Lorrain (1600-1682)<\/span><\/a><\/p>\n","protected":false},"author":2,"featured_media":0,"parent":0,"menu_order":0,"comment_status":"closed","ping_status":"closed","template":"","meta":{"footnotes":""},"class_list":["post-1007","page","type-page","status-publish","hentry"],"jetpack_sharing_enabled":true,"_links":{"self":[{"href":"https:\/\/tableauxdisparus.fr\/index.php?rest_route=\/wp\/v2\/pages\/1007","targetHints":{"allow":["GET"]}}],"collection":[{"href":"https:\/\/tableauxdisparus.fr\/index.php?rest_route=\/wp\/v2\/pages"}],"about":[{"href":"https:\/\/tableauxdisparus.fr\/index.php?rest_route=\/wp\/v2\/types\/page"}],"author":[{"embeddable":true,"href":"https:\/\/tableauxdisparus.fr\/index.php?rest_route=\/wp\/v2\/users\/2"}],"replies":[{"embeddable":true,"href":"https:\/\/tableauxdisparus.fr\/index.php?rest_route=%2Fwp%2Fv2%2Fcomments&post=1007"}],"version-history":[{"count":9,"href":"https:\/\/tableauxdisparus.fr\/index.php?rest_route=\/wp\/v2\/pages\/1007\/revisions"}],"predecessor-version":[{"id":1510,"href":"https:\/\/tableauxdisparus.fr\/index.php?rest_route=\/wp\/v2\/pages\/1007\/revisions\/1510"}],"wp:attachment":[{"href":"https:\/\/tableauxdisparus.fr\/index.php?rest_route=%2Fwp%2Fv2%2Fmedia&parent=1007"}],"curies":[{"name":"wp","href":"https:\/\/api.w.org\/{rel}","templated":true}]}}

Gellée, Claude, dit Le Lorrain (1600-1682)

<h2><em>Scène de naufrage,</em> vers 1630<br />
Huile sur bois, 55 x 38 cm</h2>
<p><a href="https://i0.wp.com/tableauxdisparus.fr/wp-content/uploads/2015/12/P1040924.jpg?ssl=1" rel="attachment wp-att-1004"><img data-recalc-dims="1" loading="lazy" decoding="async" class="alignnone wp-image-1004" src="https://i0.wp.com/tableauxdisparus.fr/wp-content/uploads/2015/12/P1040924.jpg?resize=300%2C225&#038;ssl=1" alt="P1040924" width="300" height="225" srcset="https://i0.wp.com/tableauxdisparus.fr/wp-content/uploads/2015/12/P1040924.jpg?resize=300%2C225&amp;ssl=1 300w, https://i0.wp.com/tableauxdisparus.fr/wp-content/uploads/2015/12/P1040924.jpg?w=320&amp;ssl=1 320w" sizes="auto, (max-width: 300px) 100vw, 300px" /></a></p>
<figure id="attachment_1000" aria-describedby="caption-attachment-1000" style="width: 300px" class="wp-caption alignnone"><a href="https://i0.wp.com/tableauxdisparus.fr/wp-content/uploads/2015/12/Lorrain_Gell%C3%A9e_Temp%C3%A8te_eau_forte.jpg?ssl=1" rel="attachment wp-att-1000"><img data-recalc-dims="1" loading="lazy" decoding="async" class="wp-image-1000 size-medium" src="https://i0.wp.com/tableauxdisparus.fr/wp-content/uploads/2015/12/Lorrain_Gell%C3%A9e_Temp%C3%A8te_eau_forte.jpg?resize=300%2C216&#038;ssl=1" alt="Lorrain_Gellée_Tempète_eau_forte" width="300" height="216" srcset="https://i0.wp.com/tableauxdisparus.fr/wp-content/uploads/2015/12/Lorrain_Gell%C3%A9e_Temp%C3%A8te_eau_forte.jpg?resize=300%2C216&amp;ssl=1 300w, https://i0.wp.com/tableauxdisparus.fr/wp-content/uploads/2015/12/Lorrain_Gell%C3%A9e_Temp%C3%A8te_eau_forte.jpg?w=320&amp;ssl=1 320w" sizes="auto, (max-width: 300px) 100vw, 300px" /></a><figcaption id="caption-attachment-1000" class="wp-caption-text">L&rsquo;eau-forte de Claude Gellée.</figcaption></figure>
<p style="text-align: justify;">Claude Gellée a été formé à Rome chez Agostino Tassi, peintre maniériste qui appréciait les représentations de tempêtes par des flamands comme Paul Bril, Adam Elsheimer et Bonaventura Peeters. Le motif du bateau en train de sombrer et du gros rocher surmonté d’une tour en ruines était alors couramment exploité. Il symbolisait la traversée de la vie, ou encore le besoin pour une femme de trouver par le mariage un port d’attache. Claude Gellée s’inscrit d’abord dans cette tradition, loin des vues portuaires très classiques qui l’ont rendu célèbre. Dans une eau-forte qui nous a servi à réaliser cette peinture, les historiens d’art pensent qu’il avait reproduit un tableau maintenant disparu exécuté pour Giordano Orsini dont la devise était <em>contra ventos et undas</em>, « contre vents et marées ».</p>
<p style="text-align: justify;">      Cette œuvre fait partie des tableaux qui ont été perdus à jamais. Claude Gellée produit une gravure à partir d’une oeuvre qu’il projette ou d’après une peinture qui a existé. Nous avons donc affaire à une présence spectrale. Ce tableau a-t-il au moins un jour existé ? Rêve d’image. Nous devons rendre à la gravure son modèle. Cette peinture est une restitution, celle d’un tableau énigmatique. Mais c’est l’oubli qui l’a définitivement détruite.</p>
<p style="text-align: justify;">      C’est là une œuvre de jeunesse de l’artiste encore marqué par l’aspect fantastique des peintures flamandes de paysage. Nous avons cherché à respecter les divisions artificielles de la couleur : le bleu pour l’horizon, le gris-vert pour la région intermédiaire, le brun pour le premier plan. Les silhouettes sombres s’opposent aux tons plus clairs des flots tumultueux pour entraîner le regard vers des lointains vaporeux par des jeux de contre-jour typiques des œuvres d’Elsheimer.</p>
<p style="text-align: right;">(c) Daniel Lagoutte</p>

<p>Scène de naufrage, vers 1630 Huile sur bois, 55 x 38 cm Claude Gellée a été formé à Rome chez Agostino Tassi, peintre maniériste qui appréciait les représentations de tempêtes par des flamands comme Paul Bril, Adam Elsheimer et Bonaventura Peeters. Le motif du bateau en train de sombrer et du gros rocher surmonté d’une &hellip; <a href="https://tableauxdisparus.fr/?page_id=1007" class="more-link">Continuer la lecture de <span class="screen-reader-text">Gellée, Claude, dit Le Lorrain (1600-1682)</span></a></p>
