{"id":1148,"date":"2016-01-21T11:44:34","date_gmt":"2016-01-21T10:44:34","guid":{"rendered":"http:\/\/tableauxdisparus.fr\/?page_id=1148"},"modified":"2016-01-21T17:12:41","modified_gmt":"2016-01-21T16:12:41","slug":"gericault-radeau","status":"publish","type":"page","link":"https:\/\/tableauxdisparus.fr\/?page_id=1148","title":{"rendered":"G\u00c9RICAULT, Th\u00e9odore (1791-1824)"},"content":{"rendered":"<h2><em>Le Radeau de la M\u00e9duse<\/em>, 1819, huile sur toile, 81 x 65 cm<\/h2>\n<p><a href=\"https:\/\/i0.wp.com\/tableauxdisparus.fr\/wp-content\/uploads\/2015\/10\/Gorky-2.jpg?ssl=1\" rel=\"attachment wp-att-847\"><img data-recalc-dims=\"1\" loading=\"lazy\" decoding=\"async\" class=\"alignnone wp-image-847\" src=\"https:\/\/i0.wp.com\/tableauxdisparus.fr\/wp-content\/uploads\/2015\/10\/Gorky-2.jpg?resize=411%2C308&#038;ssl=1\" alt=\"Gorky (2)\" width=\"411\" height=\"308\" srcset=\"https:\/\/i0.wp.com\/tableauxdisparus.fr\/wp-content\/uploads\/2015\/10\/Gorky-2.jpg?resize=300%2C225&amp;ssl=1 300w, https:\/\/i0.wp.com\/tableauxdisparus.fr\/wp-content\/uploads\/2015\/10\/Gorky-2.jpg?w=320&amp;ssl=1 320w\" sizes=\"auto, (max-width: 411px) 100vw, 411px\" \/><\/a><\/p>\n<p style=\"text-align: justify;\">Un \u00e9v\u00e9nement fit grand bruit en 1816. Apr\u00e8s des jours de souffrance, une douzaine de survivants furent retrouv\u00e9s sur un radeau \u00e0 la d\u00e9rive. Adoptant ce sujet pour th\u00e8me, ce tableau, engag\u00e9 politiquement, suscita de vives pol\u00e9miques. L\u2019opposition lib\u00e9rale et les jeunes romantiques en vant\u00e8rent les m\u00e9rites, tandis que les d\u00e9fenseurs du r\u00e9gime et les artistes de tendance classique le condamn\u00e8rent. Si bien que, d\u00e9courag\u00e9, G\u00e9ricault sombra dans la d\u00e9pression.<\/p>\n<p style=\"text-align: justify;\">La qualit\u00e9 des bruns qui caract\u00e9rise cette immense peinture de 4,91 m. sur 7,16 m. est due \u00e0 l\u2019utilisation du bitume de Jud\u00e9e, alors tr\u00e8s en vogue \u00e0 cette \u00e9poque. Mais cette couleur a la propri\u00e9t\u00e9 de ne jamais parfaitement s\u00e9cher, assombrissant progressivement toutes les couleurs auxquelles elle \u00e9tait m\u00e9lang\u00e9e. G\u00e9ricault s\u2019en \u00e9tait lui-m\u00eame aper\u00e7u. On dut d\u00e8s 1859 faire ex\u00e9cuter par Pierre-D\u00e9sir\u00e9 Guillemet et \u00c9tienne-Antoine-Eug\u00e8ne Ronjat, une copie du tableau (actuellement au mus\u00e9e d\u2019Amiens) pour conserver un souvenir de cette \u0153uvre.<\/p>\n<p style=\"text-align: justify;\">Il s\u2019agit de restituer la fougue color\u00e9e qui animait le peintre, pousser pour cela les couleurs \u00e0 leur paroxysme, reconstituer les contrastes de clairs et de fonc\u00e9s, tout en respectant une tonalit\u00e9 g\u00e9n\u00e9rale brun\u00e2tre voulue par l\u2019artiste.<\/p>\n<p style=\"text-align: right;\">(c) Daniel Lagoutte<\/p>\n","protected":false},"excerpt":{"rendered":"<p>Le Radeau de la M\u00e9duse, 1819, huile sur toile, 81 x 65 cm Un \u00e9v\u00e9nement fit grand bruit en 1816. Apr\u00e8s des jours de souffrance, une douzaine de survivants furent retrouv\u00e9s sur un radeau \u00e0 la d\u00e9rive. Adoptant ce sujet pour th\u00e8me, ce tableau, engag\u00e9 politiquement, suscita de vives pol\u00e9miques. L\u2019opposition lib\u00e9rale et les jeunes &hellip; <a href=\"https:\/\/tableauxdisparus.fr\/?page_id=1148\" class=\"more-link\">Continuer la lecture de <span class=\"screen-reader-text\">G\u00c9RICAULT, Th\u00e9odore (1791-1824)<\/span><\/a><\/p>\n","protected":false},"author":1,"featured_media":0,"parent":0,"menu_order":0,"comment_status":"closed","ping_status":"closed","template":"","meta":{"footnotes":""},"class_list":["post-1148","page","type-page","status-publish","hentry"],"jetpack_sharing_enabled":true,"_links":{"self":[{"href":"https:\/\/tableauxdisparus.fr\/index.php?rest_route=\/wp\/v2\/pages\/1148","targetHints":{"allow":["GET"]}}],"collection":[{"href":"https:\/\/tableauxdisparus.fr\/index.php?rest_route=\/wp\/v2\/pages"}],"about":[{"href":"https:\/\/tableauxdisparus.fr\/index.php?rest_route=\/wp\/v2\/types\/page"}],"author":[{"embeddable":true,"href":"https:\/\/tableauxdisparus.fr\/index.php?rest_route=\/wp\/v2\/users\/1"}],"replies":[{"embeddable":true,"href":"https:\/\/tableauxdisparus.fr\/index.php?rest_route=%2Fwp%2Fv2%2Fcomments&post=1148"}],"version-history":[{"count":6,"href":"https:\/\/tableauxdisparus.fr\/index.php?rest_route=\/wp\/v2\/pages\/1148\/revisions"}],"predecessor-version":[{"id":1161,"href":"https:\/\/tableauxdisparus.fr\/index.php?rest_route=\/wp\/v2\/pages\/1148\/revisions\/1161"}],"wp:attachment":[{"href":"https:\/\/tableauxdisparus.fr\/index.php?rest_route=%2Fwp%2Fv2%2Fmedia&parent=1148"}],"curies":[{"name":"wp","href":"https:\/\/api.w.org\/{rel}","templated":true}]}}