{"id":1367,"date":"2016-09-28T17:51:14","date_gmt":"2016-09-28T16:51:14","guid":{"rendered":"http:\/\/tableauxdisparus.fr\/?page_id=1367"},"modified":"2016-12-12T11:55:03","modified_gmt":"2016-12-12T10:55:03","slug":"martinez-ecce-homo","status":"publish","type":"page","link":"https:\/\/tableauxdisparus.fr\/?page_id=1367","title":{"rendered":"Martinez, Elias Garcia (1858-1934)"},"content":{"rendered":"<h2><strong><em>Ecce homo<\/em><\/strong><strong>, vers 1900, huile sur toile<\/strong><\/h2>\n<figure id=\"attachment_1392\" aria-describedby=\"caption-attachment-1392\" style=\"width: 219px\" class=\"wp-caption alignnone\"><a href=\"https:\/\/i0.wp.com\/tableauxdisparus.fr\/wp-content\/uploads\/2016\/09\/Christ-de-Borja.jpg?ssl=1\"><img data-recalc-dims=\"1\" loading=\"lazy\" decoding=\"async\" class=\"wp-image-1392 size-medium\" src=\"https:\/\/i0.wp.com\/tableauxdisparus.fr\/wp-content\/uploads\/2016\/09\/Christ-de-Borja.jpg?resize=219%2C300&#038;ssl=1\" alt=\"christ-de-borja\" width=\"219\" height=\"300\" srcset=\"https:\/\/i0.wp.com\/tableauxdisparus.fr\/wp-content\/uploads\/2016\/09\/Christ-de-Borja.jpg?resize=219%2C300&amp;ssl=1 219w, https:\/\/i0.wp.com\/tableauxdisparus.fr\/wp-content\/uploads\/2016\/09\/Christ-de-Borja.jpg?w=220&amp;ssl=1 220w\" sizes=\"auto, (max-width: 219px) 100vw, 219px\" \/><\/a><figcaption id=\"caption-attachment-1392\" class=\"wp-caption-text\">La restauration de Cecilia Gim\u00e9nez.<\/figcaption><\/figure>\n<p><strong><em>\u00a0<\/em><\/strong><a href=\"https:\/\/i0.wp.com\/tableauxdisparus.fr\/wp-content\/uploads\/2016\/09\/P1050461.jpg?ssl=1\"><img data-recalc-dims=\"1\" loading=\"lazy\" decoding=\"async\" class=\"wp-image-1393\" src=\"https:\/\/i0.wp.com\/tableauxdisparus.fr\/wp-content\/uploads\/2016\/09\/P1050461.jpg?resize=334%2C559&#038;ssl=1\" alt=\"p1050461\" width=\"334\" height=\"559\" srcset=\"https:\/\/i0.wp.com\/tableauxdisparus.fr\/wp-content\/uploads\/2016\/09\/P1050461.jpg?resize=179%2C300&amp;ssl=1 179w, https:\/\/i0.wp.com\/tableauxdisparus.fr\/wp-content\/uploads\/2016\/09\/P1050461.jpg?w=191&amp;ssl=1 191w\" sizes=\"auto, (max-width: 334px) 100vw, 334px\" \/><\/a><\/p>\n<p>Le tableau restitu\u00e9.<\/p>\n<p style=\"text-align: justify;\"><strong><em>\u00a0<\/em><\/strong>Il existe des d\u00e9g\u00e2ts dus \u00e0 de malheureuses tentatives de restauration.<\/p>\n<p style=\"text-align: justify;\">Voici une peinture \u00e0 sujet sacr\u00e9 qui se trouvait dans l&rsquo;\u00e9glise du <em>Sanctuaire de mis\u00e9ricorde<\/em> de Borja, pr\u00e8s de Saragosse en Espagne. Elle a \u00e9t\u00e9 offerte par un artiste s\u00e9v\u00e8re, Elias Garcia Martinez, professeur de dessin et artiste m\u00e9diocre, qui passait habituellement ses vacances dans ce village. Le peintre avait indiqu\u00e9 sous la toile\u00a0: \u00ab\u00a0<em>Ceci est le r\u00e9sultat de deux heures de d\u00e9votion \u00e0 la Vierge de la Mis\u00e9ricorde<\/em>\u00a0\u00bb.<\/p>\n<p style=\"text-align: justify;\">Le tableau, soumis \u00e0 l\u2019humidit\u00e9, \u00e9tait fortement d\u00e9t\u00e9rior\u00e9. C\u2019est alors qu\u2019une vieille dame, Cecilia Gim\u00e9nez, entreprend en 2012 de le restaurer. Le r\u00e9sultat est une catastrophe, l\u2019image ressemble maintenant \u00e0 une \u00ab\u00a0<em>esquisse de singe tr\u00e8s poilu dans une tunique mal ajust\u00e9e<\/em>\u00a0\u00bb. La presse s\u2019empare de ce fait divers et, en un an, 57 000 visiteurs s\u2019empressent de venir visiter cette nouvelle ic\u00f4ne de l\u2019art qui provoque la ris\u00e9e des badauds. La visite est maintenant devenue payante (un euro). De leur c\u00f4t\u00e9, les descendants du peintre Elias Garcia Martinez font largement pression sur la municipalit\u00e9 pour que le portrait du Christ soit r\u00e9tabli conform\u00e9ment \u00e0 son apparence initiale, ce qui est sans doute impossible maintenant en raison des avantages \u00e9conomiques entra\u00een\u00e9s par ce scandale.<\/p>\n<p style=\"text-align: right;\">\u00a0\u00a0\u00a0\u00a0\u00a0\u00a0\u00a0\u00a0\u00a0\u00a0\u00a0\u00a0\u00a0\u00a0\u00a0\u00a0\u00a0\u00a0\u00a0\u00a0\u00a0\u00a0\u00a0\u00a0\u00a0\u00a0\u00a0\u00a0\u00a0\u00a0\u00a0\u00a0\u00a0\u00a0\u00a0\u00a0\u00a0\u00a0\u00a0\u00a0\u00a0\u00a0\u00a0\u00a0\u00a0\u00a0\u00a0\u00a0\u00a0\u00a0\u00a0\u00a0\u00a0\u00a0\u00a0\u00a0\u00a0\u00a0\u00a0\u00a0\u00a0\u00a0\u00a0\u00a0\u00a0\u00a0\u00a0\u00a0\u00a0\u00a0\u00a0\u00a0\u00a0\u00a0\u00a0\u00a0\u00a0\u00a0\u00a0\u00a0\u00a0\u00a0\u00a0\u00a0\u00a0\u00a0\u00a0\u00a0\u00a0\u00a0\u00a0\u00a0\u00a0\u00a0\u00a0\u00a0\u00a0\u00a0\u00a0\u00a0\u00a0\u00a0\u00a0\u00a0\u00a0\u00a0\u00a0\u00a0\u00a0 \u00a9 Daniel Lagoutte<\/p>\n","protected":false},"excerpt":{"rendered":"<p>Ecce homo, vers 1900, huile sur toile \u00a0 Le tableau restitu\u00e9. \u00a0Il existe des d\u00e9g\u00e2ts dus \u00e0 de malheureuses tentatives de restauration. Voici une peinture \u00e0 sujet sacr\u00e9 qui se trouvait dans l&rsquo;\u00e9glise du Sanctuaire de mis\u00e9ricorde de Borja, pr\u00e8s de Saragosse en Espagne. Elle a \u00e9t\u00e9 offerte par un artiste s\u00e9v\u00e8re, Elias Garcia Martinez, &hellip; <a href=\"https:\/\/tableauxdisparus.fr\/?page_id=1367\" class=\"more-link\">Continuer la lecture de <span class=\"screen-reader-text\">Martinez, Elias Garcia (1858-1934)<\/span><\/a><\/p>\n","protected":false},"author":2,"featured_media":0,"parent":0,"menu_order":0,"comment_status":"closed","ping_status":"closed","template":"","meta":{"footnotes":""},"class_list":["post-1367","page","type-page","status-publish","hentry"],"jetpack_sharing_enabled":true,"_links":{"self":[{"href":"https:\/\/tableauxdisparus.fr\/index.php?rest_route=\/wp\/v2\/pages\/1367","targetHints":{"allow":["GET"]}}],"collection":[{"href":"https:\/\/tableauxdisparus.fr\/index.php?rest_route=\/wp\/v2\/pages"}],"about":[{"href":"https:\/\/tableauxdisparus.fr\/index.php?rest_route=\/wp\/v2\/types\/page"}],"author":[{"embeddable":true,"href":"https:\/\/tableauxdisparus.fr\/index.php?rest_route=\/wp\/v2\/users\/2"}],"replies":[{"embeddable":true,"href":"https:\/\/tableauxdisparus.fr\/index.php?rest_route=%2Fwp%2Fv2%2Fcomments&post=1367"}],"version-history":[{"count":9,"href":"https:\/\/tableauxdisparus.fr\/index.php?rest_route=\/wp\/v2\/pages\/1367\/revisions"}],"predecessor-version":[{"id":1502,"href":"https:\/\/tableauxdisparus.fr\/index.php?rest_route=\/wp\/v2\/pages\/1367\/revisions\/1502"}],"wp:attachment":[{"href":"https:\/\/tableauxdisparus.fr\/index.php?rest_route=%2Fwp%2Fv2%2Fmedia&parent=1367"}],"curies":[{"name":"wp","href":"https:\/\/api.w.org\/{rel}","templated":true}]}}