{"id":1478,"date":"2016-10-10T18:12:15","date_gmt":"2016-10-10T17:12:15","guid":{"rendered":"http:\/\/tableauxdisparus.fr\/?page_id=1478"},"modified":"2016-12-12T14:08:47","modified_gmt":"2016-12-12T13:08:47","slug":"de-kooning-willem-le-dessin-de-de-kooning","status":"publish","type":"page","link":"https:\/\/tableauxdisparus.fr\/?page_id=1478","title":{"rendered":"D&rsquo;apr\u00e8s De Kooning, Willem (1904 &#8211; 1997)"},"content":{"rendered":"<h2>Le dessin de De Kooning avant son effacement par Rauschenberg, 1953, 45 x 65 cm<\/h2>\n<p>&nbsp;<\/p>\n<figure id=\"attachment_1486\" aria-describedby=\"caption-attachment-1486\" style=\"width: 255px\" class=\"wp-caption alignnone\"><a href=\"https:\/\/i0.wp.com\/tableauxdisparus.fr\/wp-content\/uploads\/2016\/10\/Rauschenberg.jpg?ssl=1\"><img data-recalc-dims=\"1\" loading=\"lazy\" decoding=\"async\" class=\"wp-image-1486 size-medium\" src=\"https:\/\/i0.wp.com\/tableauxdisparus.fr\/wp-content\/uploads\/2016\/10\/Rauschenberg.jpg?resize=255%2C300&#038;ssl=1\" alt=\"rauschenberg\" width=\"255\" height=\"300\" srcset=\"https:\/\/i0.wp.com\/tableauxdisparus.fr\/wp-content\/uploads\/2016\/10\/Rauschenberg.jpg?resize=255%2C300&amp;ssl=1 255w, https:\/\/i0.wp.com\/tableauxdisparus.fr\/wp-content\/uploads\/2016\/10\/Rauschenberg.jpg?w=272&amp;ssl=1 272w\" sizes=\"auto, (max-width: 255px) 100vw, 255px\" \/><\/a><figcaption id=\"caption-attachment-1486\" class=\"wp-caption-text\">Etat actuel de l&rsquo;oeuvre effac\u00e9e par Rauschenberg intitul\u00e9e <em>Erased de Kooning Drawing<\/em>.<\/figcaption><\/figure>\n<figure id=\"attachment_1477\" aria-describedby=\"caption-attachment-1477\" style=\"width: 354px\" class=\"wp-caption alignnone\"><a href=\"https:\/\/i0.wp.com\/tableauxdisparus.fr\/wp-content\/uploads\/2016\/10\/P1050610.jpg?ssl=1\"><img data-recalc-dims=\"1\" loading=\"lazy\" decoding=\"async\" class=\"wp-image-1477\" src=\"https:\/\/i0.wp.com\/tableauxdisparus.fr\/wp-content\/uploads\/2016\/10\/P1050610.jpg?resize=354%2C420&#038;ssl=1\" alt=\"p1050610\" width=\"354\" height=\"420\" srcset=\"https:\/\/i0.wp.com\/tableauxdisparus.fr\/wp-content\/uploads\/2016\/10\/P1050610.jpg?resize=253%2C300&amp;ssl=1 253w, https:\/\/i0.wp.com\/tableauxdisparus.fr\/wp-content\/uploads\/2016\/10\/P1050610.jpg?w=270&amp;ssl=1 270w\" sizes=\"auto, (max-width: 354px) 100vw, 354px\" \/><\/a><figcaption id=\"caption-attachment-1477\" class=\"wp-caption-text\">Essai de restitution du dessin originel de De Kooning qui a \u00e9t\u00e9 effac\u00e9.<\/figcaption><\/figure>\n<p style=\"text-align: justify;\">Avec <em>Erased de Kooning Drawing<\/em> (1953), Robert Rauschenberg, un artiste am\u00e9ricain n\u00e9o-Dada, admirateur de Marcel Duchamp, adepte de l\u2019art performant,\u00a0 avait envisag\u00e9 de produire une \u0153uvre qui serait le r\u00e9sultat, non d\u2019ajouts de mat\u00e9riau sur un support, mais qui serait d\u00fb au retrait de ce qui rendait l\u2019\u0153uvre visible. Rauschenberg\u00a0 a d\u2019abord essay\u00e9 d\u2019effacer ses propres dessins, Mais cela ne pouvait le satisfaire. Il lui fallait r\u00e9aliser un acte n\u00e9gatif en s\u2019affrontant \u00e0 une \u0153uvre de valeur incontestable. Comme Duchamp avec <em>la Joconde<\/em>, il s\u2019agissait pour lui de provoquer le public avec humour, et pour cela de se confronter \u00e0 l\u2019\u0153uvre d\u2019un artiste reconnu. Il se tourna vers Willem de Kooning (1904-1997), chef de file de l\u2019expressionnisme abstrait, un artiste pour qui il avait un \u00e9norme respect\u00a0; il lui a demand\u00e9 de lui confier un dessin \u00e0 seule fin de l\u2019effacer. Un peu \u00e0 contrec\u0153ur, De Kooning a accept\u00e9.<\/p>\n<p style=\"text-align: justify;\">L\u2019effacement fut laborieux. De Kooning avait c\u00e9d\u00e9 un dessin aux trac\u00e9s tr\u00e8s appuy\u00e9s. Une fois le travail termin\u00e9, la feuille de papier, avec encore quelques traces restantes de graphisme, a \u00e9t\u00e9 mont\u00e9e et encadr\u00e9e avec une petite \u00e9tiquette\u00a0: \u00ab <em>Erased de Kooning Drawing &#8211; Robert Rauschenberg &#8211; 1953<\/em>\u00a0\u00bb.<\/p>\n<p style=\"text-align: justify;\">Evidemment, ce fut un scandale. On rapporte que de Kooning n\u2019aurait pas du tout\u00a0 appr\u00e9ci\u00e9 que son <em>Dessin effac\u00e9<\/em> soit montr\u00e9 au public.\u00a0 <em>\u00ab\u00a0Cela aurait d\u00fb rester priv\u00e9, une affaire personnelle entre artistes<\/em>.\u00bb<\/p>\n<p style=\"text-align: justify;\">On a tent\u00e9\u00a0sans grand succ\u00e8s de d\u00e9couvrir en quoi consistait le dessin originel de De Kooning. Aucune photographie n\u2019existe de cette page de croquis inachev\u00e9s et de graffitis jug\u00e9s sans valeur. En 2010, l&rsquo;image \u00e0 l\u2019infrarouge a montr\u00e9 un dessin travaill\u00e9 \u00e0 partir de deux orientations oppos\u00e9es. On devine, t\u00eates b\u00eaches, trac\u00e9es au crayon, des figures f\u00e9minines nues trac\u00e9es rapidement et un enchev\u00eatrement de lignes. Il s\u2019agit l\u00e0 d\u2019une page de croquis, des notations d\u2019id\u00e9es plus ou moins vagues que De Kooning avait l\u2019intention de pr\u00e9ciser.<\/p>\n<p style=\"text-align: justify;\">En fait, peu importe ce qui existait avant, puisque seul compte l\u2019acte de Rauschenberg. Il \u00e9tait cependant tentant de risquer une restitution. Nous avons donc essay\u00e9 de redonner \u00e0 voir ce qui avait \u00e9t\u00e9 d\u00e9lib\u00e9r\u00e9ment d\u00e9truit pour constituer une nouvelle \u0153uvre, celle de Rauschenberg qui est devenue c\u00e9l\u00e8bre parce qu\u2019elle illustre l\u2019\u00e9tat d\u2019esprit subversif et les pr\u00e9ceptes de l\u2019<em>Action painting<\/em> qui ont domin\u00e9 la sc\u00e8ne artistique de New York au d\u00e9but des ann\u00e9es 1950.<\/p>\n<p style=\"text-align: right;\">(c) Daniel Lagoutte<\/p>\n","protected":false},"excerpt":{"rendered":"<p>Le dessin de De Kooning avant son effacement par Rauschenberg, 1953, 45 x 65 cm &nbsp; Avec Erased de Kooning Drawing (1953), Robert Rauschenberg, un artiste am\u00e9ricain n\u00e9o-Dada, admirateur de Marcel Duchamp, adepte de l\u2019art performant,\u00a0 avait envisag\u00e9 de produire une \u0153uvre qui serait le r\u00e9sultat, non d\u2019ajouts de mat\u00e9riau sur un support, mais qui &hellip; <a href=\"https:\/\/tableauxdisparus.fr\/?page_id=1478\" class=\"more-link\">Continuer la lecture de <span class=\"screen-reader-text\">D&rsquo;apr\u00e8s De Kooning, Willem (1904 &#8211; 1997)<\/span><\/a><\/p>\n","protected":false},"author":2,"featured_media":0,"parent":0,"menu_order":0,"comment_status":"closed","ping_status":"closed","template":"","meta":{"footnotes":""},"class_list":["post-1478","page","type-page","status-publish","hentry"],"jetpack_sharing_enabled":true,"_links":{"self":[{"href":"https:\/\/tableauxdisparus.fr\/index.php?rest_route=\/wp\/v2\/pages\/1478","targetHints":{"allow":["GET"]}}],"collection":[{"href":"https:\/\/tableauxdisparus.fr\/index.php?rest_route=\/wp\/v2\/pages"}],"about":[{"href":"https:\/\/tableauxdisparus.fr\/index.php?rest_route=\/wp\/v2\/types\/page"}],"author":[{"embeddable":true,"href":"https:\/\/tableauxdisparus.fr\/index.php?rest_route=\/wp\/v2\/users\/2"}],"replies":[{"embeddable":true,"href":"https:\/\/tableauxdisparus.fr\/index.php?rest_route=%2Fwp%2Fv2%2Fcomments&post=1478"}],"version-history":[{"count":9,"href":"https:\/\/tableauxdisparus.fr\/index.php?rest_route=\/wp\/v2\/pages\/1478\/revisions"}],"predecessor-version":[{"id":1521,"href":"https:\/\/tableauxdisparus.fr\/index.php?rest_route=\/wp\/v2\/pages\/1478\/revisions\/1521"}],"wp:attachment":[{"href":"https:\/\/tableauxdisparus.fr\/index.php?rest_route=%2Fwp%2Fv2%2Fmedia&parent=1478"}],"curies":[{"name":"wp","href":"https:\/\/api.w.org\/{rel}","templated":true}]}}