{"id":1777,"date":"2017-04-29T17:34:53","date_gmt":"2017-04-29T16:34:53","guid":{"rendered":"http:\/\/tableauxdisparus.fr\/?page_id=1777"},"modified":"2017-04-29T18:48:44","modified_gmt":"2017-04-29T17:48:44","slug":"friedrich-carl-david-cimetiere-de-couvent-sous-la-neige","status":"publish","type":"page","link":"https:\/\/tableauxdisparus.fr\/?page_id=1777","title":{"rendered":"FRIEDRICH, Caspar David (1774-1840)"},"content":{"rendered":"<h2><em>Cimeti\u00e8re de couvent sous la neige<\/em>, 1817-1819, huile sur toile, 121 x 170 cm<\/h2>\n<figure id=\"attachment_732\" aria-describedby=\"caption-attachment-732\" style=\"width: 478px\" class=\"wp-caption alignnone\"><a href=\"https:\/\/i0.wp.com\/tableauxdisparus.fr\/wp-content\/uploads\/2015\/09\/DSC02108-001.jpg?ssl=1\"><img data-recalc-dims=\"1\" loading=\"lazy\" decoding=\"async\" class=\"wp-image-732\" src=\"https:\/\/i0.wp.com\/tableauxdisparus.fr\/wp-content\/uploads\/2015\/09\/DSC02108-001.jpg?resize=478%2C318&#038;ssl=1\" alt=\"\" width=\"478\" height=\"318\" srcset=\"https:\/\/i0.wp.com\/tableauxdisparus.fr\/wp-content\/uploads\/2015\/09\/DSC02108-001.jpg?resize=300%2C200&amp;ssl=1 300w, https:\/\/i0.wp.com\/tableauxdisparus.fr\/wp-content\/uploads\/2015\/09\/DSC02108-001.jpg?w=640&amp;ssl=1 640w\" sizes=\"auto, (max-width: 478px) 100vw, 478px\" \/><\/a><figcaption id=\"caption-attachment-732\" class=\"wp-caption-text\">Restitution du tableau disparu de Friedrich.<\/figcaption><\/figure>\n<p>Cette grande peinture est caract\u00e9ristique du style de Friedrich, cet artiste romantique allemand, intens\u00e9ment mystique, travaillant habituellement sur des toiles aux dimensions plus modestes. Au milieu d\u2019un cimeti\u00e8re chr\u00e9tien, la ruine verticale de l\u2019abbaye est mise en \u00e9vidence par les deux obliques de deux immenses ch\u00eanes. Ces arbres \u00e9voquent celui que les Saxons v\u00e9n\u00e9raient, l\u2019<em>Irminsul<\/em>, qu\u2019ils consid\u00e9raient comme \u00e9tant la colonne cosmique soutenant la vo\u00fbte c\u00e9leste, axe du monde, arbre de vie, symbole du salut. Il fut d\u00e9truit en 772 par Charlemagne lors de la christianisation des peuples germains.<\/p>\n<p>Les silhouettes fantomatiques des moines semblent se livrer \u00e0 \u00ab\u00a0une parodie de procession dans un \u00e9difice en ruine, ultime et d\u00e9risoire vestige d\u2019un monde disparu.\u00a0\u00bb Au fond, un grand vide s\u2019\u00e9tendant \u00e0 l\u2019infini, avec, au-dessus, un ciel brillant d\u2019une lueur axiale diaphane, ce sont les deux directions d\u00e9finissant une croix dont le motif se r\u00e9p\u00e8te partout.<\/p>\n<p>Les Saxons se r\u00e9unissaient autour d\u2019un arbre sacr\u00e9 nomm\u00e9 Irminsul qui fut abattu par les arm\u00e9es de Charlemagne en 772 afin de christianiser le pays. On rapporte que Charlemagne moquait de la croyance des Saxons selon laquelle Irminsul <em>emp\u00eachait le ciel de leur tomber sur la t\u00eate<\/em>. On comprend mieux ainsi l\u2019importance donn\u00e9 par Friedrich au ciel parmi les arbres.<\/p>\n<p>Le chef-d\u2019oeuvre fut d\u00e9truit en 1945 dans les d\u00e9combres de l\u2019ancienne Nationalgalerie de Berlin \u00e9cras\u00e9e sous les bombes.<\/p>\n<p>La technique d\u2019ex\u00e9cution met en \u00e9vidence la n\u00e9cessit\u00e9 de travailler simultan\u00e9ment fond et formes, le ciel est peint entre les branches pour accorder une n\u00e9cessaire unit\u00e9 plastique. La toile est pr\u00e9par\u00e9e avec une couche d\u2019ocre jaune assez soutenu. Cette teinte est partout pr\u00e9sente, m\u00e9lang\u00e9e au blanc, \u00e0 la Terre d\u2019ombre br\u00fbl\u00e9e et au bleu de Prusse. Un soin particulier est accord\u00e9 au rendu de la profondeur par l\u2019application des lois de la perspective lin\u00e9aire et a\u00e9rienne. Accroch\u00e9 aux branches, la neige est d\u2019un blanc pur, non modul\u00e9 pour mieux traduire ainsi le silence qui \u00e9claire les t\u00e9n\u00e8bres en ce cimeti\u00e8re enseveli. Spirituelle, la vraie vie est pr\u00e9serv\u00e9e, elle est \u00e0 trouver ailleurs, \u00e0 l\u2019int\u00e9rieur du peintre dont ce tableau disparu rend toute l\u2019intensit\u00e9.<\/p>\n<p style=\"text-align: right;\">(c) Daniel Lagoutte<\/p>\n<figure id=\"attachment_616\" aria-describedby=\"caption-attachment-616\" style=\"width: 396px\" class=\"wp-caption alignnone\"><a href=\"https:\/\/i0.wp.com\/tableauxdisparus.fr\/wp-content\/uploads\/2015\/08\/Nat.jpg?ssl=1\"><img data-recalc-dims=\"1\" loading=\"lazy\" decoding=\"async\" class=\"wp-image-616\" src=\"https:\/\/i0.wp.com\/tableauxdisparus.fr\/wp-content\/uploads\/2015\/08\/Nat.jpg?resize=396%2C297&#038;ssl=1\" alt=\"\" width=\"396\" height=\"297\" srcset=\"https:\/\/i0.wp.com\/tableauxdisparus.fr\/wp-content\/uploads\/2015\/08\/Nat.jpg?resize=300%2C225&amp;ssl=1 300w, https:\/\/i0.wp.com\/tableauxdisparus.fr\/wp-content\/uploads\/2015\/08\/Nat.jpg?w=600&amp;ssl=1 600w\" sizes=\"auto, (max-width: 396px) 100vw, 396px\" \/><\/a><figcaption id=\"caption-attachment-616\" class=\"wp-caption-text\">L&rsquo;ancienne Nationalgalerie de Berlin en 1935 o\u00f9 \u00e9tait conserv\u00e9 le tableau disparu de Friedrich.<\/figcaption><\/figure>\n<p><a href=\"https:\/\/www.youtube.com\/watch?v=JgISVWZi4Qs\">Vid\u00e9o sur Youtube de pr\u00e9sentation du tableau<\/a><\/p>\n<p style=\"text-align: right;\">\n","protected":false},"excerpt":{"rendered":"<p>Cimeti\u00e8re de couvent sous la neige, 1817-1819, huile sur toile, 121 x 170 cm Cette grande peinture est caract\u00e9ristique du style de Friedrich, cet artiste romantique allemand, intens\u00e9ment mystique, travaillant habituellement sur des toiles aux dimensions plus modestes. Au milieu d\u2019un cimeti\u00e8re chr\u00e9tien, la ruine verticale de l\u2019abbaye est mise en \u00e9vidence par les deux &hellip; <a href=\"https:\/\/tableauxdisparus.fr\/?page_id=1777\" class=\"more-link\">Continuer la lecture de <span class=\"screen-reader-text\">FRIEDRICH, Caspar David (1774-1840)<\/span><\/a><\/p>\n","protected":false},"author":2,"featured_media":0,"parent":0,"menu_order":0,"comment_status":"closed","ping_status":"closed","template":"","meta":{"footnotes":""},"class_list":["post-1777","page","type-page","status-publish","hentry"],"jetpack_sharing_enabled":true,"_links":{"self":[{"href":"https:\/\/tableauxdisparus.fr\/index.php?rest_route=\/wp\/v2\/pages\/1777","targetHints":{"allow":["GET"]}}],"collection":[{"href":"https:\/\/tableauxdisparus.fr\/index.php?rest_route=\/wp\/v2\/pages"}],"about":[{"href":"https:\/\/tableauxdisparus.fr\/index.php?rest_route=\/wp\/v2\/types\/page"}],"author":[{"embeddable":true,"href":"https:\/\/tableauxdisparus.fr\/index.php?rest_route=\/wp\/v2\/users\/2"}],"replies":[{"embeddable":true,"href":"https:\/\/tableauxdisparus.fr\/index.php?rest_route=%2Fwp%2Fv2%2Fcomments&post=1777"}],"version-history":[{"count":6,"href":"https:\/\/tableauxdisparus.fr\/index.php?rest_route=\/wp\/v2\/pages\/1777\/revisions"}],"predecessor-version":[{"id":1804,"href":"https:\/\/tableauxdisparus.fr\/index.php?rest_route=\/wp\/v2\/pages\/1777\/revisions\/1804"}],"wp:attachment":[{"href":"https:\/\/tableauxdisparus.fr\/index.php?rest_route=%2Fwp%2Fv2%2Fmedia&parent=1777"}],"curies":[{"name":"wp","href":"https:\/\/api.w.org\/{rel}","templated":true}]}}