{"id":54,"date":"2015-06-26T11:02:12","date_gmt":"2015-06-26T10:02:12","guid":{"rendered":"http:\/\/td.kanoe.fr\/?page_id=54"},"modified":"2015-09-04T17:22:58","modified_gmt":"2015-09-04T16:22:58","slug":"portrait-disabelle-du-portugal-1429-huile-sur-bois-495-x-57-cm","status":"publish","type":"page","link":"https:\/\/tableauxdisparus.fr\/?page_id=54","title":{"rendered":"Van Eyck, Jan (1390-1441)"},"content":{"rendered":"<h2><em>Portrait d&rsquo;Isabelle du Portugal<\/em>, 1429, huile sur bois, 49,5 x 57 cm<\/h2>\n<figure id=\"attachment_223\" aria-describedby=\"caption-attachment-223\" style=\"width: 300px\" class=\"wp-caption alignnone\"><a href=\"https:\/\/i0.wp.com\/tableauxdisparus.fr\/wp-content\/uploads\/2015\/07\/P1040661.jpg?ssl=1\"><img data-recalc-dims=\"1\" loading=\"lazy\" decoding=\"async\" class=\"wp-image-223 size-medium\" src=\"https:\/\/i0.wp.com\/tableauxdisparus.fr\/wp-content\/uploads\/2015\/07\/P1040661.jpg?resize=300%2C225&#038;ssl=1\" alt=\"P1040661\" width=\"300\" height=\"225\" srcset=\"https:\/\/i0.wp.com\/tableauxdisparus.fr\/wp-content\/uploads\/2015\/07\/P1040661.jpg?resize=300%2C225&amp;ssl=1 300w, https:\/\/i0.wp.com\/tableauxdisparus.fr\/wp-content\/uploads\/2015\/07\/P1040661.jpg?w=320&amp;ssl=1 320w\" sizes=\"auto, (max-width: 300px) 100vw, 300px\" \/><\/a><figcaption id=\"caption-attachment-223\" class=\"wp-caption-text\">Document.<\/figcaption><\/figure>\n<figure id=\"attachment_202\" aria-describedby=\"caption-attachment-202\" style=\"width: 225px\" class=\"wp-caption alignnone\"><a href=\"https:\/\/i0.wp.com\/tableauxdisparus.fr\/wp-content\/uploads\/2015\/07\/P1040445.jpg?ssl=1\"><img data-recalc-dims=\"1\" loading=\"lazy\" decoding=\"async\" class=\"wp-image-202 size-medium\" src=\"https:\/\/i0.wp.com\/tableauxdisparus.fr\/wp-content\/uploads\/2015\/07\/P1040445.jpg?resize=225%2C300&#038;ssl=1\" alt=\"P1040445\" width=\"225\" height=\"300\" srcset=\"https:\/\/i0.wp.com\/tableauxdisparus.fr\/wp-content\/uploads\/2015\/07\/P1040445.jpg?resize=225%2C300&amp;ssl=1 225w, https:\/\/i0.wp.com\/tableauxdisparus.fr\/wp-content\/uploads\/2015\/07\/P1040445.jpg?w=240&amp;ssl=1 240w\" sizes=\"auto, (max-width: 225px) 100vw, 225px\" \/><\/a><figcaption id=\"caption-attachment-202\" class=\"wp-caption-text\">Restitution du tableau disparu.<\/figcaption><\/figure>\n<p style=\"text-align: justify;\">\u00a0\u00a0\u00a0\u00a0 Le 19 octobre 1428, Jan van Eyck dut interrompre l\u2019ex\u00e9cution du retable de l\u2019<em>Agneau mystique<\/em> command\u00e9 pour la cath\u00e9drale Saint-Bavon de Gand. Le duc Philippe le Bon lui confiait une mission urgente au Portugal\u00a0: r\u00e9aliser pour son compte le portrait de l\u2019infante Isabelle en vue d\u2019un \u00e9ventuel mariage. On sait que par mesure de s\u00e9curit\u00e9 deux tableaux ont \u00e9t\u00e9 r\u00e9alis\u00e9s, l\u2019un regagna les Flandres par mer, l\u2019autre par terre. L\u2019un d\u2019eux au moins a d\u00fb parvenir \u00e0 destination. Voici le texte inscrit sur le cadre\u00a0: <em>C\u2019est le portrait qui fut envoy\u00e9 \u00e0 Philippe, duc de Bourgogne et de Brabant de dame Isabelle, fille du roi Jean de Portugal et d\u2019Algarbe, seigneur de Cepte par lui conquise, qui fut femme et \u00e9pouse du ci-dessus duc Philippe.<\/em><\/p>\n<p style=\"text-align: justify;\">\u00a0\u00a0\u00a0\u00a0\u00a0\u00a0\u00a0\u00a0\u00a0\u00a0\u00a0 Ce tableau disparu est le premier portrait document\u00e9 de la main de Van Eyck, mais malheureusement, on perd sa trace en 1798 dans le palais de Marguerite d\u2019Autriche \u00e0 Malines o\u00f9 il \u00e9tait conserv\u00e9. Durant une p\u00e9riode de troubles et de brigandage, des hordes de paysans ont saccag\u00e9 les lieux, brisant tout sur leur passage. Pour nous en faire une id\u00e9e, il nous reste heureusement une copie dessin\u00e9e \u00e0 la plume datant du dix-septi\u00e8me si\u00e8cle.<\/p>\n<p style=\"text-align: justify;\">\u00a0\u00a0\u00a0\u00a0\u00a0\u00a0\u00a0\u00a0\u00a0\u00a0\u00a0\u00a0\u00a0\u00a0\u00a0 Ce tableau disparu b\u00e9n\u00e9ficie d\u2019un int\u00e9r\u00eat particulier.<\/p>\n<p style=\"text-align: justify;\">\u00a0\u00a0\u00a0\u00a0\u00a0\u00a0\u00a0\u00a0\u00a0\u00a0\u00a0 En effet, la r\u00e9alisation de ce type de portrait est habituellement consid\u00e9r\u00e9e comme \u00e9tant une v\u00e9ritable r\u00e9volution en peinture, et il a \u00e9t\u00e9 sugg\u00e9r\u00e9 que c\u2019est l\u2019invention d\u2019une aide optique comme la <em>camera obscura<\/em> qui aurait apport\u00e9 ce soudain changement.<\/p>\n<p style=\"text-align: justify;\">\u00a0\u00a0\u00a0\u00a0\u00a0\u00a0\u00a0\u00a0\u00a0\u00a0\u00a0 Pour ce type de portrait de mariage destin\u00e9 au futur \u00e9poux, la client\u00e8le de l\u2019\u00e9poque attachait plus d\u2019importance \u00e0 la ressemblance r\u00e9aliste qu\u2019\u00e0 la repr\u00e9sentation du pouvoir. On ne peut nier que la technique de la peinture \u00e0 l\u2019huile ait pu jouer un grand r\u00f4le en donnant aux portraits une remarquable qualit\u00e9 de vie. La premi\u00e8re phase d\u2019ex\u00e9cution consiste \u00e0 tracer un dessin pr\u00e9cis \u00e0 la plume et encre de Chine, puis \u00e0 passer l\u2019imprimature en terre de Sienne dilu\u00e9e qu\u2019on laisse longuement s\u00e9cher. Les couleurs sont ensuite successivement appliqu\u00e9es en glacis par fines couches superpos\u00e9es.<\/p>\n<p style=\"text-align: justify;\">\u00a0\u00a0\u00a0\u00a0\u00a0\u00a0\u00a0\u00a0\u00a0\u00a0\u00a0 Le portrait d&rsquo;Isabelle de Portugal est particuli\u00e8rement int\u00e9ressant pour la mani\u00e8re dont le personnage en nous regardant et en souriant, pose sa main sur le faux parapet de pierre. C\u2019est l\u00e0 le prototype m\u00eame de <em>la Joconde<\/em> peinte par L\u00e9onard de Vinci vers 1506. Par ce geste, Isabella \u00e9tend sa pr\u00e9sence hors de l&rsquo;espace pictural et dans celle de l\u2019observateur. D\u2019o\u00f9 le soin particulier avec lequel sont peintes les deux mains.<\/p>\n<p style=\"text-align: justify;\">\n<figure id=\"attachment_222\" aria-describedby=\"caption-attachment-222\" style=\"width: 300px\" class=\"wp-caption alignnone\"><a href=\"https:\/\/i0.wp.com\/tableauxdisparus.fr\/wp-content\/uploads\/2015\/07\/P1040659.jpg?ssl=1\"><img data-recalc-dims=\"1\" loading=\"lazy\" decoding=\"async\" class=\"wp-image-222 size-medium\" src=\"https:\/\/i0.wp.com\/tableauxdisparus.fr\/wp-content\/uploads\/2015\/07\/P1040659.jpg?resize=300%2C225&#038;ssl=1\" alt=\"P1040659\" width=\"300\" height=\"225\" srcset=\"https:\/\/i0.wp.com\/tableauxdisparus.fr\/wp-content\/uploads\/2015\/07\/P1040659.jpg?resize=300%2C225&amp;ssl=1 300w, https:\/\/i0.wp.com\/tableauxdisparus.fr\/wp-content\/uploads\/2015\/07\/P1040659.jpg?w=320&amp;ssl=1 320w\" sizes=\"auto, (max-width: 300px) 100vw, 300px\" \/><\/a><figcaption id=\"caption-attachment-222\" class=\"wp-caption-text\">Le Palais de Marguerite d&rsquo;Autriche \u00e0 Malines o\u00f9 aurait \u00e9t\u00e9 conserv\u00e9 le tableau disparu.<\/figcaption><\/figure>\n<p style=\"text-align: right;\">(c) Daniel Lagoutte<\/p>\n","protected":false},"excerpt":{"rendered":"<p>Portrait d&rsquo;Isabelle du Portugal, 1429, huile sur bois, 49,5 x 57 cm \u00a0\u00a0\u00a0\u00a0 Le 19 octobre 1428, Jan van Eyck dut interrompre l\u2019ex\u00e9cution du retable de l\u2019Agneau mystique command\u00e9 pour la cath\u00e9drale Saint-Bavon de Gand. Le duc Philippe le Bon lui confiait une mission urgente au Portugal\u00a0: r\u00e9aliser pour son compte le portrait de l\u2019infante &hellip; <a href=\"https:\/\/tableauxdisparus.fr\/?page_id=54\" class=\"more-link\">Continuer la lecture de <span class=\"screen-reader-text\">Van Eyck, Jan (1390-1441)<\/span><\/a><\/p>\n","protected":false},"author":1,"featured_media":0,"parent":0,"menu_order":0,"comment_status":"closed","ping_status":"closed","template":"","meta":{"footnotes":""},"class_list":["post-54","page","type-page","status-publish","hentry"],"jetpack_sharing_enabled":true,"_links":{"self":[{"href":"https:\/\/tableauxdisparus.fr\/index.php?rest_route=\/wp\/v2\/pages\/54","targetHints":{"allow":["GET"]}}],"collection":[{"href":"https:\/\/tableauxdisparus.fr\/index.php?rest_route=\/wp\/v2\/pages"}],"about":[{"href":"https:\/\/tableauxdisparus.fr\/index.php?rest_route=\/wp\/v2\/types\/page"}],"author":[{"embeddable":true,"href":"https:\/\/tableauxdisparus.fr\/index.php?rest_route=\/wp\/v2\/users\/1"}],"replies":[{"embeddable":true,"href":"https:\/\/tableauxdisparus.fr\/index.php?rest_route=%2Fwp%2Fv2%2Fcomments&post=54"}],"version-history":[{"count":23,"href":"https:\/\/tableauxdisparus.fr\/index.php?rest_route=\/wp\/v2\/pages\/54\/revisions"}],"predecessor-version":[{"id":797,"href":"https:\/\/tableauxdisparus.fr\/index.php?rest_route=\/wp\/v2\/pages\/54\/revisions\/797"}],"wp:attachment":[{"href":"https:\/\/tableauxdisparus.fr\/index.php?rest_route=%2Fwp%2Fv2%2Fmedia&parent=54"}],"curies":[{"name":"wp","href":"https:\/\/api.w.org\/{rel}","templated":true}]}}

<h2><em>Portrait d&rsquo;Isabelle du Portugal</em>, 1429, huile sur bois, 49,5 x 57 cm</h2>
<figure id="attachment_223" aria-describedby="caption-attachment-223" style="width: 300px" class="wp-caption alignnone"><a href="https://i0.wp.com/tableauxdisparus.fr/wp-content/uploads/2015/07/P1040661.jpg?ssl=1"><img data-recalc-dims="1" loading="lazy" decoding="async" class="wp-image-223 size-medium" src="https://i0.wp.com/tableauxdisparus.fr/wp-content/uploads/2015/07/P1040661.jpg?resize=300%2C225&#038;ssl=1" alt="P1040661" width="300" height="225" srcset="https://i0.wp.com/tableauxdisparus.fr/wp-content/uploads/2015/07/P1040661.jpg?resize=300%2C225&amp;ssl=1 300w, https://i0.wp.com/tableauxdisparus.fr/wp-content/uploads/2015/07/P1040661.jpg?w=320&amp;ssl=1 320w" sizes="auto, (max-width: 300px) 100vw, 300px" /></a><figcaption id="caption-attachment-223" class="wp-caption-text">Document.</figcaption></figure>
<figure id="attachment_202" aria-describedby="caption-attachment-202" style="width: 225px" class="wp-caption alignnone"><a href="https://i0.wp.com/tableauxdisparus.fr/wp-content/uploads/2015/07/P1040445.jpg?ssl=1"><img data-recalc-dims="1" loading="lazy" decoding="async" class="wp-image-202 size-medium" src="https://i0.wp.com/tableauxdisparus.fr/wp-content/uploads/2015/07/P1040445.jpg?resize=225%2C300&#038;ssl=1" alt="P1040445" width="225" height="300" srcset="https://i0.wp.com/tableauxdisparus.fr/wp-content/uploads/2015/07/P1040445.jpg?resize=225%2C300&amp;ssl=1 225w, https://i0.wp.com/tableauxdisparus.fr/wp-content/uploads/2015/07/P1040445.jpg?w=240&amp;ssl=1 240w" sizes="auto, (max-width: 225px) 100vw, 225px" /></a><figcaption id="caption-attachment-202" class="wp-caption-text">Restitution du tableau disparu.</figcaption></figure>
<p style="text-align: justify;">     Le 19 octobre 1428, Jan van Eyck dut interrompre l’exécution du retable de l’<em>Agneau mystique</em> commandé pour la cathédrale Saint-Bavon de Gand. Le duc Philippe le Bon lui confiait une mission urgente au Portugal : réaliser pour son compte le portrait de l’infante Isabelle en vue d’un éventuel mariage. On sait que par mesure de sécurité deux tableaux ont été réalisés, l’un regagna les Flandres par mer, l’autre par terre. L’un d’eux au moins a dû parvenir à destination. Voici le texte inscrit sur le cadre : <em>C’est le portrait qui fut envoyé à Philippe, duc de Bourgogne et de Brabant de dame Isabelle, fille du roi Jean de Portugal et d’Algarbe, seigneur de Cepte par lui conquise, qui fut femme et épouse du ci-dessus duc Philippe.</em></p>
<p style="text-align: justify;">            Ce tableau disparu est le premier portrait documenté de la main de Van Eyck, mais malheureusement, on perd sa trace en 1798 dans le palais de Marguerite d’Autriche à Malines où il était conservé. Durant une période de troubles et de brigandage, des hordes de paysans ont saccagé les lieux, brisant tout sur leur passage. Pour nous en faire une idée, il nous reste heureusement une copie dessinée à la plume datant du dix-septième siècle.</p>
<p style="text-align: justify;">                Ce tableau disparu bénéficie d’un intérêt particulier.</p>
<p style="text-align: justify;">            En effet, la réalisation de ce type de portrait est habituellement considérée comme étant une véritable révolution en peinture, et il a été suggéré que c’est l’invention d’une aide optique comme la <em>camera obscura</em> qui aurait apporté ce soudain changement.</p>
<p style="text-align: justify;">            Pour ce type de portrait de mariage destiné au futur époux, la clientèle de l’époque attachait plus d’importance à la ressemblance réaliste qu’à la représentation du pouvoir. On ne peut nier que la technique de la peinture à l’huile ait pu jouer un grand rôle en donnant aux portraits une remarquable qualité de vie. La première phase d’exécution consiste à tracer un dessin précis à la plume et encre de Chine, puis à passer l’imprimature en terre de Sienne diluée qu’on laisse longuement sécher. Les couleurs sont ensuite successivement appliquées en glacis par fines couches superposées.</p>
<p style="text-align: justify;">            Le portrait d&rsquo;Isabelle de Portugal est particulièrement intéressant pour la manière dont le personnage en nous regardant et en souriant, pose sa main sur le faux parapet de pierre. C’est là le prototype même de <em>la Joconde</em> peinte par Léonard de Vinci vers 1506. Par ce geste, Isabella étend sa présence hors de l&rsquo;espace pictural et dans celle de l’observateur. D’où le soin particulier avec lequel sont peintes les deux mains.</p>
<p style="text-align: justify;">
<figure id="attachment_222" aria-describedby="caption-attachment-222" style="width: 300px" class="wp-caption alignnone"><a href="https://i0.wp.com/tableauxdisparus.fr/wp-content/uploads/2015/07/P1040659.jpg?ssl=1"><img data-recalc-dims="1" loading="lazy" decoding="async" class="wp-image-222 size-medium" src="https://i0.wp.com/tableauxdisparus.fr/wp-content/uploads/2015/07/P1040659.jpg?resize=300%2C225&#038;ssl=1" alt="P1040659" width="300" height="225" srcset="https://i0.wp.com/tableauxdisparus.fr/wp-content/uploads/2015/07/P1040659.jpg?resize=300%2C225&amp;ssl=1 300w, https://i0.wp.com/tableauxdisparus.fr/wp-content/uploads/2015/07/P1040659.jpg?w=320&amp;ssl=1 320w" sizes="auto, (max-width: 300px) 100vw, 300px" /></a><figcaption id="caption-attachment-222" class="wp-caption-text">Le Palais de Marguerite d&rsquo;Autriche à Malines où aurait été conservé le tableau disparu.</figcaption></figure>
<p style="text-align: right;">(c) Daniel Lagoutte</p>

<p>Portrait d&rsquo;Isabelle du Portugal, 1429, huile sur bois, 49,5 x 57 cm      Le 19 octobre 1428, Jan van Eyck dut interrompre l’exécution du retable de l’Agneau mystique commandé pour la cathédrale Saint-Bavon de Gand. Le duc Philippe le Bon lui confiait une mission urgente au Portugal : réaliser pour son compte le portrait de l’infante &hellip; <a href="https://tableauxdisparus.fr/?page_id=54" class="more-link">Continuer la lecture de <span class="screen-reader-text">Van Eyck, Jan (1390-1441)</span></a></p>
