{"id":66,"date":"2015-06-26T11:22:57","date_gmt":"2015-06-26T10:22:57","guid":{"rendered":"http:\/\/td.kanoe.fr\/?page_id=66"},"modified":"2016-02-13T16:52:45","modified_gmt":"2016-02-13T15:52:45","slug":"portrait-de-la-courtisane-phyllis-1598-huile-sur-toile-66-x-53-cm","status":"publish","type":"page","link":"https:\/\/tableauxdisparus.fr\/?page_id=66","title":{"rendered":"Caravage, Michelangelo, dit Le Caravage (1571-1610)"},"content":{"rendered":"<h2><em>Portrait de la courtisane Phyllis<\/em>, 1598, huile sur toile, 66 x 53 cm<\/h2>\n<figure id=\"attachment_168\" aria-describedby=\"caption-attachment-168\" style=\"width: 225px\" class=\"wp-caption alignnone\"><a href=\"https:\/\/i0.wp.com\/tableauxdisparus.fr\/wp-content\/uploads\/2015\/07\/P1040438.jpg?ssl=1\"><img data-recalc-dims=\"1\" loading=\"lazy\" decoding=\"async\" class=\"wp-image-168 size-medium\" src=\"https:\/\/i0.wp.com\/tableauxdisparus.fr\/wp-content\/uploads\/2015\/07\/P1040438.jpg?resize=225%2C300&#038;ssl=1\" alt=\"P1040438\" width=\"225\" height=\"300\" srcset=\"https:\/\/i0.wp.com\/tableauxdisparus.fr\/wp-content\/uploads\/2015\/07\/P1040438.jpg?resize=225%2C300&amp;ssl=1 225w, https:\/\/i0.wp.com\/tableauxdisparus.fr\/wp-content\/uploads\/2015\/07\/P1040438.jpg?w=240&amp;ssl=1 240w\" sizes=\"auto, (max-width: 225px) 100vw, 225px\" \/><\/a><figcaption id=\"caption-attachment-168\" class=\"wp-caption-text\">Restitution du tableau disparu.<\/figcaption><\/figure>\n<p style=\"text-align: justify;\">\u00a0\u00a0\u00a0\u00a0\u00a0 Ce tableau disparu montre l\u2019unique portrait peint par le Caravage dont l\u2019authenticit\u00e9 est incontest\u00e9e. Il repr\u00e9sente Phyllis qui est le surnom donn\u00e9 \u00e0 Fillide Melandroni (1581-1618), une courtisane romaine, amie du peintre Caravage<u>.<\/u> Elle eut comme client et amant le spadassin Ranuccio Tomassoni, celui que tua Caravage en 1606. O<u><\/u>utre ce portrait, elle lui servit de mod\u00e8le pour plusieurs de ses tableaux, notamment la cruelle <em>Judith d\u00e9capitant Holopherne<\/em>. Fillide est morte en 1608, \u00e0 trente-sept ans, et l&rsquo;\u00c9glise lui refusa une s\u00e9pulture chr\u00e9tienne.<\/p>\n<p style=\"text-align: justify;\">\u00a0\u00a0\u00a0\u00a0\u00a0\u00a0\u00a0\u00a0\u00a0\u00a0\u00a0 Il appartenait au <em>Kaiser Friedrich Museum<\/em> de Berlin, et il a \u00e9t\u00e9 d\u00e9truit lors de la Seconde Guerre mondiale avec un grand nombre de chefs-d&rsquo;\u0153uvre r\u00e9unis par les nazis, \u00e9cras\u00e9 avec eux sous des masses de b\u00e9ton arm\u00e9 sens\u00e9es les prot\u00e9ger contre les bombardements alli\u00e9s.<\/p>\n<p style=\"text-align: justify;\">\u00a0\u00a0\u00a0\u00a0\u00a0\u00a0\u00a0\u00a0\u00a0\u00a0\u00a0 Le visage surgit pour avancer vers nous. Cette femme nous regarde avec une certaine arrogance. Et le travail de la mati\u00e8re peinte doit affirmer une telle force. Alors, l\u2019action est arr\u00eat\u00e9e, \u00ab\u00a0stup\u00e9fi\u00e9e\u00a0\u00bb, d\u00e9clenchant ainsi \u00ab\u00a0dans le spectateur la pulsion du voir\u00a0\u00bb, un \u00ab\u00a0effet r\u00e9aliste-plastique de surprise et de sid\u00e9ration\u00a0\u00bb. Le regard soutenu de Phyllis est celui de M\u00e9duse peinte \u00e0 la m\u00eame \u00e9poque par le Caravage, un regard qui p\u00e9trifie dans un tableau disparu.<\/p>\n<p style=\"text-align: justify;\">\u00a0\u00a0\u00a0\u00a0\u00a0\u00a0\u00a0\u00a0\u00a0\u00a0\u00a0 L\u2019\u0153il de Phyllis est sur l\u2019axe vertical de la toile, comme la main tenant un bouquet. Il est en outre situ\u00e9 sur cette verticale exactement selon la section dor\u00e9e (1,618).<\/p>\n<p style=\"text-align: justify;\">\u00a0\u00a0\u00a0\u00a0\u00a0\u00a0\u00a0\u00a0\u00a0\u00a0\u00a0 La couleur est subtilement distribu\u00e9e, fond\u00e9e sur un ocre vert qui n\u2019appara\u00eet nulle part, mais qui ordonne pourtant les accords. Cette teinte met en \u00e9vidence celles des carnations d\u2019un brun rouge. Les lignes de la composition donnent du rythme \u00e0 l\u2019ensemble\u00a0: l\u2019avant-bras et la main se prolongent vers la chevelure noire. Des aplats color\u00e9s s\u2019opposent \u00e0 des mati\u00e8res travaill\u00e9es dans le d\u00e9tail. Ils font appel au sens du toucher, \u00e0 la tactilit\u00e9 plus qu\u2019au visuel qui implique une distance d\u2019observation.<\/p>\n<p style=\"text-align: justify;\">\u00a0\u00a0\u00a0\u00a0\u00a0\u00a0\u00a0\u00a0\u00a0\u00a0\u00a0 Pas de fond-paysage ici. Le personnage se d\u00e9tache sur le vide. Ce fond est un n\u00e9ant d\u2019o\u00f9 \u00e9mergent les formes. On ne sait d\u2019o\u00f9 vient vraiment la lumi\u00e8re qui est pourtant forte en intensit\u00e9. C\u2019est techniquement \u00e0 l\u2019oppos\u00e9 de l\u2019usage du clair-obscur parce que, loin de se fondre dans l\u2019ombre, la forme lui est \u00e9trang\u00e8re.<\/p>\n<p>&nbsp;<\/p>\n<figure id=\"attachment_217\" aria-describedby=\"caption-attachment-217\" style=\"width: 300px\" class=\"wp-caption alignnone\"><a href=\"https:\/\/i0.wp.com\/tableauxdisparus.fr\/wp-content\/uploads\/2015\/07\/P1040662.jpg?ssl=1\"><img data-recalc-dims=\"1\" loading=\"lazy\" decoding=\"async\" class=\"wp-image-217 size-medium\" src=\"https:\/\/i0.wp.com\/tableauxdisparus.fr\/wp-content\/uploads\/2015\/07\/P1040662.jpg?resize=300%2C225&#038;ssl=1\" alt=\"P1040662\" width=\"300\" height=\"225\" srcset=\"https:\/\/i0.wp.com\/tableauxdisparus.fr\/wp-content\/uploads\/2015\/07\/P1040662.jpg?resize=300%2C225&amp;ssl=1 300w, https:\/\/i0.wp.com\/tableauxdisparus.fr\/wp-content\/uploads\/2015\/07\/P1040662.jpg?w=320&amp;ssl=1 320w\" sizes=\"auto, (max-width: 300px) 100vw, 300px\" \/><\/a><figcaption id=\"caption-attachment-217\" class=\"wp-caption-text\">Le <em>Kaiser Friedrich Museum<\/em> de Berlin en 1905.<\/figcaption><\/figure>\n<p><em>\u00a0<\/em><\/p>\n<p style=\"text-align: right;\">(c) Daniel Lagoutte<\/p>\n","protected":false},"excerpt":{"rendered":"<p>Portrait de la courtisane Phyllis, 1598, huile sur toile, 66 x 53 cm \u00a0\u00a0\u00a0\u00a0\u00a0 Ce tableau disparu montre l\u2019unique portrait peint par le Caravage dont l\u2019authenticit\u00e9 est incontest\u00e9e. Il repr\u00e9sente Phyllis qui est le surnom donn\u00e9 \u00e0 Fillide Melandroni (1581-1618), une courtisane romaine, amie du peintre Caravage. Elle eut comme client et amant le spadassin &hellip; <a href=\"https:\/\/tableauxdisparus.fr\/?page_id=66\" class=\"more-link\">Continuer la lecture de <span class=\"screen-reader-text\">Caravage, Michelangelo, dit Le Caravage (1571-1610)<\/span><\/a><\/p>\n","protected":false},"author":1,"featured_media":0,"parent":0,"menu_order":0,"comment_status":"closed","ping_status":"closed","template":"","meta":{"footnotes":""},"class_list":["post-66","page","type-page","status-publish","hentry"],"jetpack_sharing_enabled":true,"_links":{"self":[{"href":"https:\/\/tableauxdisparus.fr\/index.php?rest_route=\/wp\/v2\/pages\/66","targetHints":{"allow":["GET"]}}],"collection":[{"href":"https:\/\/tableauxdisparus.fr\/index.php?rest_route=\/wp\/v2\/pages"}],"about":[{"href":"https:\/\/tableauxdisparus.fr\/index.php?rest_route=\/wp\/v2\/types\/page"}],"author":[{"embeddable":true,"href":"https:\/\/tableauxdisparus.fr\/index.php?rest_route=\/wp\/v2\/users\/1"}],"replies":[{"embeddable":true,"href":"https:\/\/tableauxdisparus.fr\/index.php?rest_route=%2Fwp%2Fv2%2Fcomments&post=66"}],"version-history":[{"count":24,"href":"https:\/\/tableauxdisparus.fr\/index.php?rest_route=\/wp\/v2\/pages\/66\/revisions"}],"predecessor-version":[{"id":1164,"href":"https:\/\/tableauxdisparus.fr\/index.php?rest_route=\/wp\/v2\/pages\/66\/revisions\/1164"}],"wp:attachment":[{"href":"https:\/\/tableauxdisparus.fr\/index.php?rest_route=%2Fwp%2Fv2%2Fmedia&parent=66"}],"curies":[{"name":"wp","href":"https:\/\/api.w.org\/{rel}","templated":true}]}}