{"id":84,"date":"2015-06-26T13:57:44","date_gmt":"2015-06-26T12:57:44","guid":{"rendered":"http:\/\/tableauxdetruits.fr\/?page_id=84"},"modified":"2015-09-15T11:24:01","modified_gmt":"2015-09-15T10:24:01","slug":"bords-de-leau-argenteuil-la-maison-du-passeur1874-huile-sur-toile-55-x-65-cm","status":"publish","type":"page","link":"https:\/\/tableauxdisparus.fr\/?page_id=84","title":{"rendered":"Monet, Claude (1840-1926)"},"content":{"rendered":"<h2><em>Bords de l&rsquo;eau<\/em>, Argenteuil (la Maison du Passeur),1874, huile sur toile, 55 x 65 cm<\/h2>\n<figure id=\"attachment_227\" aria-describedby=\"caption-attachment-227\" style=\"width: 355px\" class=\"wp-caption alignleft\"><a href=\"https:\/\/i0.wp.com\/tableauxdisparus.fr\/wp-content\/uploads\/2015\/07\/P1040678.jpg?ssl=1\"><img data-recalc-dims=\"1\" loading=\"lazy\" decoding=\"async\" class=\"wp-image-227 \" src=\"https:\/\/i0.wp.com\/tableauxdisparus.fr\/wp-content\/uploads\/2015\/07\/P1040678.jpg?resize=355%2C266&#038;ssl=1\" alt=\"P1040678\" width=\"355\" height=\"266\" srcset=\"https:\/\/i0.wp.com\/tableauxdisparus.fr\/wp-content\/uploads\/2015\/07\/P1040678.jpg?resize=300%2C225&amp;ssl=1 300w, https:\/\/i0.wp.com\/tableauxdisparus.fr\/wp-content\/uploads\/2015\/07\/P1040678.jpg?w=320&amp;ssl=1 320w\" sizes=\"auto, (max-width: 355px) 100vw, 355px\" \/><\/a><figcaption id=\"caption-attachment-227\" class=\"wp-caption-text\">Document ayant servi \u00e0 la restitution du tableau.<\/figcaption><\/figure>\n<p>&nbsp;<\/p>\n<p>&nbsp;<\/p>\n<p>&nbsp;<\/p>\n<figure id=\"attachment_177\" aria-describedby=\"caption-attachment-177\" style=\"width: 321px\" class=\"wp-caption alignright\"><a href=\"https:\/\/i0.wp.com\/tableauxdisparus.fr\/wp-content\/uploads\/2015\/07\/019.jpg?ssl=1\"><img data-recalc-dims=\"1\" loading=\"lazy\" decoding=\"async\" class=\" wp-image-177\" src=\"https:\/\/i0.wp.com\/tableauxdisparus.fr\/wp-content\/uploads\/2015\/07\/019.jpg?resize=321%2C241&#038;ssl=1\" alt=\"Restitution du tableau d\u00e9truit.\" width=\"321\" height=\"241\" srcset=\"https:\/\/i0.wp.com\/tableauxdisparus.fr\/wp-content\/uploads\/2015\/07\/019.jpg?resize=300%2C225&amp;ssl=1 300w, https:\/\/i0.wp.com\/tableauxdisparus.fr\/wp-content\/uploads\/2015\/07\/019.jpg?w=320&amp;ssl=1 320w\" sizes=\"auto, (max-width: 321px) 100vw, 321px\" \/><\/a><figcaption id=\"caption-attachment-177\" class=\"wp-caption-text\">Restitution du tableau disparu.<\/figcaption><\/figure>\n<p>&nbsp;<\/p>\n<p>&nbsp;<\/p>\n<p>&nbsp;<\/p>\n<p style=\"text-align: justify;\">Dans le catalogue raisonn\u00e9 de Wildenstein o\u00f9 toutes les peintures que Monet a peintes sont r\u00e9pertori\u00e9es, ce tableau disparu est le n\u00b0329 du catalogue et il y est \u00e9crit : \u00ab\u00a0Peint en 1874, <em>Bords de l&rsquo;eau \u00e0 Argenteuil<\/em> dit aussi <em>Maison du passeur<\/em>\u00ab\u00a0.<\/p>\n<p style=\"text-align: justify;\">On sait que ce tableau a \u00e9t\u00e9 d\u00e9truit dans un incendie\u00a0vers 1950.<\/p>\n<p style=\"text-align: justify;\">Pour r\u00e9aliser cette restitution, il a fallu sans cesse avoir pr\u00e9sent \u00e0 l&rsquo;esprit que, conform\u00e9ment au style qui caract\u00e9rise la mani\u00e8re de peindre de Monet,\u00a0le feuillage et les reflets dans l&rsquo;eau produisent un voile de couleur ininterrompu. Venturi a not\u00e9 \u00e0 ce propos \u00ab\u00a0qu&rsquo;en virtuose, Monet ne se contente pas de la transparence et des p\u00e9nombres, mais veut que les choses elles-m\u00eames soient transparentes de nature\u00a0\u00bb. Le durable c\u00f4toie l&rsquo;\u00e9ph\u00e9m\u00e8re. On doit entendre les vagues qui viennent frapper la coque du bateau. Nulle pr\u00e9sence humaine ne vient animer ce lieu m\u00e9lancolique.<\/p>\n<figure id=\"attachment_226\" aria-describedby=\"caption-attachment-226\" style=\"width: 300px\" class=\"wp-caption alignnone\"><a href=\"https:\/\/i0.wp.com\/tableauxdisparus.fr\/wp-content\/uploads\/2015\/07\/P1040677.jpg?ssl=1\"><img data-recalc-dims=\"1\" loading=\"lazy\" decoding=\"async\" class=\"wp-image-226 size-medium\" src=\"https:\/\/i0.wp.com\/tableauxdisparus.fr\/wp-content\/uploads\/2015\/07\/P1040677.jpg?resize=300%2C225&#038;ssl=1\" alt=\"P1040677\" width=\"300\" height=\"225\" srcset=\"https:\/\/i0.wp.com\/tableauxdisparus.fr\/wp-content\/uploads\/2015\/07\/P1040677.jpg?resize=300%2C225&amp;ssl=1 300w, https:\/\/i0.wp.com\/tableauxdisparus.fr\/wp-content\/uploads\/2015\/07\/P1040677.jpg?w=320&amp;ssl=1 320w\" sizes=\"auto, (max-width: 300px) 100vw, 300px\" \/><\/a><figcaption id=\"caption-attachment-226\" class=\"wp-caption-text\">Cette toile fut d\u00e9truite par un incendie\u00a0vers 1950.<\/figcaption><\/figure>\n<p>&nbsp;<\/p>\n<p style=\"text-align: right;\">\u00a0(c) Daniel Lagoutte<\/p>\n<p>&nbsp;<\/p>\n","protected":false},"excerpt":{"rendered":"<p>Bords de l&rsquo;eau, Argenteuil (la Maison du Passeur),1874, huile sur toile, 55 x 65 cm &nbsp; &nbsp; &nbsp; &nbsp; &nbsp; &nbsp; Dans le catalogue raisonn\u00e9 de Wildenstein o\u00f9 toutes les peintures que Monet a peintes sont r\u00e9pertori\u00e9es, ce tableau disparu est le n\u00b0329 du catalogue et il y est \u00e9crit : \u00ab\u00a0Peint en 1874, Bords &hellip; <a href=\"https:\/\/tableauxdisparus.fr\/?page_id=84\" class=\"more-link\">Continuer la lecture de <span class=\"screen-reader-text\">Monet, Claude (1840-1926)<\/span><\/a><\/p>\n","protected":false},"author":1,"featured_media":0,"parent":0,"menu_order":0,"comment_status":"closed","ping_status":"closed","template":"","meta":{"footnotes":""},"class_list":["post-84","page","type-page","status-publish","hentry"],"jetpack_sharing_enabled":true,"_links":{"self":[{"href":"https:\/\/tableauxdisparus.fr\/index.php?rest_route=\/wp\/v2\/pages\/84","targetHints":{"allow":["GET"]}}],"collection":[{"href":"https:\/\/tableauxdisparus.fr\/index.php?rest_route=\/wp\/v2\/pages"}],"about":[{"href":"https:\/\/tableauxdisparus.fr\/index.php?rest_route=\/wp\/v2\/types\/page"}],"author":[{"embeddable":true,"href":"https:\/\/tableauxdisparus.fr\/index.php?rest_route=\/wp\/v2\/users\/1"}],"replies":[{"embeddable":true,"href":"https:\/\/tableauxdisparus.fr\/index.php?rest_route=%2Fwp%2Fv2%2Fcomments&post=84"}],"version-history":[{"count":28,"href":"https:\/\/tableauxdisparus.fr\/index.php?rest_route=\/wp\/v2\/pages\/84\/revisions"}],"predecessor-version":[{"id":828,"href":"https:\/\/tableauxdisparus.fr\/index.php?rest_route=\/wp\/v2\/pages\/84\/revisions\/828"}],"wp:attachment":[{"href":"https:\/\/tableauxdisparus.fr\/index.php?rest_route=%2Fwp%2Fv2%2Fmedia&parent=84"}],"curies":[{"name":"wp","href":"https:\/\/api.w.org\/{rel}","templated":true}]}}